l(a)?
5
Let h = 84 - 105. Let l(f) = f**3 + 25*f**2 - 31*f + 16. Let m be l(h). Suppose 4*r - m = -7*r. What is the units digit of r?
1
What is the thousands digit of 11064/(-18)*-15 + (-4)/(-4)?
9
Let h be (-1)/9 + 1 + 1248/54. Suppose 0 = -122*d + 125*d + h. What is the hundreds digit of 4956/20 - d/(-10)?
2
Let h be (3 + 1)/((-6)/164226). What is the units digit of (1 - 7)/(-2)*h/(-813)?
4
Suppose 4*r = p + 2 - 5, 3*p = 4*r + 9. Let h(c) = 63*c**2 - c + 3. What is the tens digit of h(p)?
6
Suppose 8*j - 68 + 28 = 0. Suppose -2*p - 2262 = -4*x, 3*x + 5*p + 1135 = j*x. What is the units digit of x?
5
Let a(t) = 4*t**2 + 146*t - 9. What is the hundreds digit of a(57)?
3
Suppose 0 = -4*m + 3*m - 64. Let l = -60 - m. Suppose 8 = 2*t, 0*t = a - l*t - 202. What is the tens digit of a?
1
Suppose 45 = -320*p + 325*p, -10*b + 15538 = 2*p. What is the thousands digit of b?
1
Suppose 8 = 59*p - 57*p. Suppose -3*q - 264 = -v - 5*q, p*v - 2*q - 1066 = 0. What is the units digit of v?
6
Suppose 4*f - 186337 + 8969 = -4*r, -221694 = -5*f - 3*r. What is the thousands digit of f?
4
What is the units digit of ((-6742)/10)/((-9)/12*(-140)/(-525))?
1
Let o(x) = 119*x**2 - 4*x - 5. Let c be o(-2). Let d = c + -153. What is the hundreds digit of d?
3
Suppose 2*l + 1060 = -19*l + 87937. What is the thousands digit of l?
4
Suppose 8*g - 6*g = -186. Let c = -109 - g. What is the tens digit of ((-58)/3)/(c/168)?
0
Let q = -5203 - -1583. Let d = -2058 - q. What is the thousands digit of d?
1
Suppose 0 = 178*q - 169*q - 1503. Let r = 91 + q. What is the hundreds digit of r?
2
Suppose 293 = -2*f + 11. Let k = 155 - f. Let r = -144 + k. What is the hundreds digit of r?
1
Suppose 14*p = -3*u + 15*p + 43789, 4*u - 4*p = 58388. What is the units digit of u?
6
Let q(r) = r**3 + 2*r**2 + 13*r - 27. Suppose 3*c + i + 6 = 15, 3*c = -3*i + 9. What is the units digit of q(c)?
7
Suppose 0 = -51*o + 44*o + 3976. What is the tens digit of o?
6
Let c = -1698 + 2677. Suppose 0 = -7*y + 743 + c. Suppose -4*q = 2*u - y, -5*u + 192 = 4*q - 63. What is the tens digit of q?
6
Let j be (708*3 - 4) + 1. Let s = j + -1324. What is the hundreds digit of s?
7
Suppose 24882 = 6*w + 3864. Suppose 9*y - w = 25. What is the tens digit of y?
9
Let f = -18346 - -48649. What is the ten thousands digit of f?
3
What is the tens digit of (-224)/336 - 99186/(-9)?
2
Suppose c - 109*r + 113*r - 42508 = 0, 4*c + 4*r = 170056. What is the hundreds digit of c?
5
Suppose -i - 30539 = -4*m, 4*m = 13*i - 8*i + 30535. What is the hundreds digit of m?
6
Let u(v) = v**3 + 11*v**2 - 14*v + 141. What is the hundreds digit of u(26)?
7
Let c be 4 + 777/(-27) - (-6)/(-27). What is the tens digit of (-1151)/(-5) + (-20)/c?
3
Suppose 4*s - 32 = -3*i, 0 = i + 5*s + 5 - 23. Suppose 4*a + 27 = v, 3*v + 3*a + i = 119. What is the tens digit of v?
3
Let i be (-106)/(10/(4 + -14)). Let b be 9*1 - (2 + -2). Let y = i - b. What is the tens digit of y?
9
Let v = 4022 + -1911. What is the units digit of v?
1
Let c(u) = u**3 - 24*u**2 - 26*u + 25. Let x be c(25). Suppose -33*p + 42*p - 2475 = x. What is the hundreds digit of p?
2
Suppose 16*l - x = 19*l + 80, -30 = l - 3*x. Let b(s) = -32*s - 69. What is the units digit of b(l)?
5
Let f(q) = -q**2 - 14*q + 75. Let a be f(-20). What is the tens digit of 57762/81 + 5/a?
1
Suppose 3709*v - 239344 = 3681*v. What is the tens digit of v?
4
Let y be (-2)/(4/(-6)*1). Suppose -g - 4*t = g - 10, 4*g - y*t - 9 = 0. Suppose -g*z + 184 = -5*b, 3*b - 23 - 29 = -z. What is the tens digit of z?
5
What is the units digit of (104*1)/((-4)/(-5)*(-72)/(-12816))?
0
What is the tens digit of (2 - -6) + 1 - -4217?
2
What is the hundreds digit of (-2)/(-3)*7/(-14)*-28479?
4
Suppose 2*r - 1370 = -3*r + 5*m, -m - 3 = 0. Suppose 2*l + 4*s - 68 = 0, 62*s = 66*s - 8. Let g = r - l. What is the hundreds digit of g?
2
Let t = 60324 - 36814. What is the thousands digit of t?
3
Suppose -5*v - 22 = 1223. Let z be v/(-6) - ((-20)/8 + 2). What is the hundreds digit of (-3834)/(-21) + 18/z?
1
Let t(n) = -4*n - 11 - 2*n**2 + 3 + 9*n. Let j(u) = -3*u**2 + 10*u - 17. Let z(w) = 6*j(w) - 10*t(w). What is the units digit of z(4)?
0
Suppose -2008*l - 3606 = -2010*l. What is the thousands digit of l?
1
Suppose 27*v = 646056 - 73683. What is the ten thousands digit of v?
2
Suppose -h = n + 9, 3*h = -2*n - 25 - 2. Let f(g) = -17*g - 9. What is the tens digit of f(h)?
4
Let o(q) = q**3 - 13*q**2 + q - 3. Suppose 7 = g - 2*c, -c + 6*c = 10. Let p be o(g). Let i = 404 + p. What is the hundreds digit of i?
1
Let s = 12772 - 6987. What is the hundreds digit of s?
7
Let p be ((-6)/(-5))/(-3) - (-40)/100. Suppose p = 8*q - 5900 + 2180. Suppose -7 + q = 2*s. What is the units digit of s?
9
Let j(t) = t**3 + t**2 - t + 84. Let s be j(0). Suppose 2364 = s*k - 81*k. What is the units digit of k?
8
Let m(s) = -s**3 - s**2 + 2*s - 18. Let k be m(-5). What is the units digit of (k/48)/(2/4)?
3
What is the tens digit of (6346/(-57) + -16)*(-183)/1?
0
Suppose 0*o + 539 = -11*o. Let l = o - -52. What is the units digit of l/9 - (-992)/12?
3
Let s(j) = 270*j**2 - 6*j + 4. Suppose -c - 2*b + b = -1, 16 = 4*c + b. Suppose 0 = -4*z - 16, 3*k = -z + 4 - c. What is the units digit of s(k)?
8
Suppose 8*r - 2*r = 5916. Suppose -3*s + 2*s - 4 = 0, -5*p + s = r. What is the units digit of p/(-110)*10/6?
3
Let s(q) be the third derivative of -q**6/120 + q**4/8 - q**3/2 - 22*q**2. Let y be s(1). What is the units digit of (1 - -2) + y + 192?
4
Suppose -2*n - 3*c + 36141 = 0, -4*n - 5*c = 32378 - 104659. What is the ten thousands digit of n?
1
Suppose -i - 28416 = -4*i + 4*w, 5*w = 30. What is the hundreds digit of i?
4
Let v(s) = 1082*s - 1021. What is the thousands digit of v(13)?
3
Let h(j) = 552*j**2 - 338*j - 2273. What is the thousands digit of h(-7)?
7
Suppose -3*x + 3*i + 12 = 0, 2*i + 0*i = -2*x. Suppose x*l - 15 = -5. Suppose 5*o + 7*n - 504 = 3*n, 95 = o - l*n. What is the hundreds digit of o?
1
Let l(w) = -2*w + 6. Let n(u) = u**2 - u + 6. Let c be (-6)/(-4)*(-48)/36. Let z(t) = c*l(t) + 3*n(t). What is the units digit of z(-3)?
0
Let u(m) = -3*m**2 + 2*m + 78. Let a be u(-16). Let j = a + 1332. What is the units digit of j?
0
Suppose 18*w = 14*w - 20, -898 = -a + w. What is the units digit of a?
3
Let h(m) = m**3 - 33*m**2 - 75*m + 6. Let n be h(36). Suppose 6*d + 5*j - n = 4*d, d - 2*j = 615. What is the units digit of d?
7
Let u = 14148 - -4201. What is the tens digit of u?
4
Let r(i) = -i**3 - 16*i**2 + i + 22. Let v be r(-16). Suppose 30690 = v*m + 27*m. What is the units digit of m?
0
Suppose 0 = -h + 3*b - 402, -629 = 2*h + 5*b + 131. Let m = h + 489. What is the tens digit of m?
9
What is the hundreds digit of 4280/(0 + 9 + -8)?
2
Suppose 38*f = 16*f + 3234. Suppose -10*r + 5*r + 90 = 0. Let b = f + r. What is the hundreds digit of b?
1
Let i(w) = -w**2 + 4 - 4*w + w**2 + 0*w**2 + w**2. Let u be i(-6). Suppose -136 = 60*h - u*h. What is the units digit of h?
4
Let j = -24302 + 58444. What is the hundreds digit of j?
1
Suppose 11*h = -3*h + 70. Suppose 4*n + 16 = 4*y, -h*n = -4*y - 0*n + 11. Suppose 0 = y*v - 8*v - 257. What is the tens digit of v?
5
Suppose 181860 = -67*f + 87*f. What is the thousands digit of f?
9
Suppose 26384 = 5*z - w, -5*w = 8 + 12. What is the units digit of z?
6
Suppose -5*w = -l + 1380, 3*l + l + w = 5436. Suppose 26*c = 22*c + l. What is the tens digit of c?
4
Let w be 350/15*-9*(-18)/(-4). Let a = w - -1337. What is the units digit of a?
2
Let w be ((-40)/12 - -4)/(2/(-180)). Let a be ((-72)/w)/((-2)/(-335)). What is the units digit of (-2 + a/9)/((-4)/(-12))?
1
Let d(m) = 23*m + 5100. What is the units digit of d(0)?
0
Let i(h) = -1121*h + 26. Let j be i(-5). Suppose 4*q - j = -5*x, 16*x = 3*q + 13*x - 4257. What is the units digit of q?
4
Suppose 25636 = -75*j - 4558 + 304169. What is the hundreds digit of j?
6
Let z(t) be the third derivative of -127*t**4/12 + 70*t**3/3 + 80*t**2 - 1. What is the units digit of z(-4)?
6
What is the units digit of (21 - 15)*-1740*-3?
0
Let d(b) = 2*b**2 - 24*b - 30. Let p be d(15). Let y = -63 + p. Let r(z) = 27*z**2 - 13*z - 34. What is the hundreds digit of r(y)?
2
Suppose -77393 = -31*k + 12879. Suppose -2992 = -8*w + k. What is the units digit of w?
8
What is the ten 